10
Convert -62a (base 11) to base 5.
-11013
Convert 221112 (base 3) to base 10.
689
20d (base 15) to base 6
2051
What is -2101223 (base 4) in base 9?
-13708
Convert -411 (base 10) to base 5.
-3121
What is -1046 (base 7) in base 15?
-1a2
-fd53 (base 16) to base 2
-1111110101010011
What is 13a35 (base 12) in base 4?
12230021
4fd1 (base 16) to base 12
b9a9
-225 (base 12) to base 10
-317
Convert 26323 (base 9) to base 11.
12386
What is -51205 (base 6) in base 11?
-50a8
Convert 1203005 (base 6) to base 8.
172615
Convert 2212201 (base 3) to base 14.
a9c
1364 (base 9) to base 8
2006
Convert 20001122 (base 3) to base 11.
3357
What is -3110 (base 4) in base 14?
-112
What is 3504 (base 6) in base 5?
11312
-8 (base 16) to base 10
-8
What is -137 (base 13) in base 14?
-115
What is -14322 (base 6) in base 7?
-6440
What is 1000100101 (base 2) in base 16?
225
-2c9 (base 15) to base 5
-10024
What is 225 (base 7) in base 8?
165
-111132 (base 4) to base 7
-4002
What is -20145 (base 6) in base 16?
-a61
Convert -1739 (base 12) to base 4.
-223131
Convert 3052 (base 6) to base 13.
404
1b68 (base 12) to base 7
12614
112122 (base 3) to base 5
3040
What is -417 (base 11) in base 3?
-200121
-11011101111111 (base 2) to base 3
-201111012
3665 (base 7) to base 5
20440
What is 24341 (base 5) in base 9?
2471
Convert -2111033 (base 4) to base 12.
-563b
102101110 (base 3) to base 16
206d
What is 34434 (base 7) in base 4?
2021130
What is 20653 (base 11) in base 3?
1112020120
-133101 (base 4) to base 9
-2663
-2463 (base 8) to base 15
-5db
Convert -2303 (base 4) to base 14.
-cb
Convert 21104 (base 8) to base 11.
6655
What is 11101111 (base 2) in base 5?
1424
Convert -35888 (base 12) to base 15.
-1656e
What is 10101001011110 (base 2) in base 15?
3331
What is -15512 (base 9) in base 6?
-121102
Convert -3044 (base 5) to base 8.
-617
-484 (base 9) to base 3
-112211
What is -3333220 (base 4) in base 13?
-75a6
Convert 26 (base 8) to base 7.
31
Convert 2792 (base 16) to base 13.
47c3
Convert 40663 (base 9) to base 2.
110100010100011
-12b6 (base 14) to base 10
-3296
-1675 (base 8) to base 6
-4233
What is -b3e (base 16) in base 6?
-21154
What is b725 (base 13) in base 3?
1021211001
What is 1415 (base 8) in base 14?
3db
Convert 20010201 (base 3) to base 8.
10572
-209 (base 13) to base 9
-425
What is -3d5 (base 14) in base 10?
-775
Convert -3710 (base 9) to base 15.
-c43
-771 (base 8) to base 15
-23a
Convert 577c (base 13) to base 9.
17744
What is 63084 (base 10) in base 8?
173154
What is -5040 (base 6) in base 11?
-914
-3473 (base 8) to base 15
-836
Convert 103045 (base 6) to base 16.
2105
-a551 (base 11) to base 9
-21143
Convert -94 (base 15) to base 16.
-8b
What is -4c91 (base 13) in base 9?
-15888
6269 (base 10) to base 13
2b13
What is -242707 (base 8) in base 5?
-10132044
-185 (base 15) to base 5
-2400
Convert 580 (base 11) to base 14.
377
What is 12638 (base 11) in base 14?
682a
Convert -223233 (base 4) to base 3.
-10211200
What is -27160 (base 11) in base 2?
-1001011110000010
7c0 (base 13) to base 11
1008
111000100101001 (base 2) to base 6
342041
-63 (base 12) to base 8
-113
What is 5842 (base 16) in base 11?
15a80
-21907 (base 12) to base 8
-126727
111221120 (base 3) to base 14
39c3
What is -1646 (base 7) in base 16?
-29f
186 (base 14) to base 6
1242
Convert 200211202 (base 3) to base 8.
32650
What is -123303 (base 4) in base 13?
-a6b
What is 1175 (base 8) in base 13?
3a0
Convert -2035 (base 6) to base 4.
-13013
-14770 (base 8) to base 4
-1213320
What is 3a18b (base 12) in base 3?
11001101022
101011010 (base 2) to base 12
24a
b79 (base 15) to base 7
10356
What is 32050 (base 10) in base 15?
976a
10535 (base 8) to base 4
1011131
Convert 3782 (base 9) to base 2.
101100001100
5d8 (base 14) to base 8
2222
Convert -1310002 (base 5) to base 2.
-110010000011011
1011101110 (base 2) to base 5
11000
What is 1f0a (base 16) in base 4?
1330022
What is -2a25a (base 11) in base 12?
-209ab
112134 (base 5) to base 15
12e9
What is -308 (base 14) in base 4?
-21110
30213 (base 4) to base 13
4a1
12352 (base 7) to base 16
cc7
Convert 13117 (base 11) to base 9.
27668
-110111000 (base 2) to base 14
-236
What is -ab1 (base 14) in base 16?
-843
Convert -ca9 (base 13) to base 5.
-32132
Convert -39 (base 16) to base 6.
-133
5225 (base 10) to base 5
131400
What is 38919 (base 10) in base 12?
1a633
What is 1870 (base 16) in base 15?
1cc1
Convert c22 (base 13) to base 11.
15aa
-222105 (base 7) to base 13
-14a90
2232 (base 5) to base 6
1245
What is 2170 (base 12) in base 16?
e64
-267 (base 15) to base 16
-223
7101 (base 9) to base 14
1c65
What is -34414 (base 5) in base 9?
-3360
What is 100000100100111 (base 2) in base 6?
205115
Convert 110001011100 (base 2) to base 9.
4305
What is -124 (base 13) in base 14?
-103
210211 (base 3) to base 9
724
Convert -2a1 (base 12) to base 6.
-1521
Convert -3284 (base 16) to base 12.
-7598
What is 238 (base 12) in base 6?
1312
Convert 1011101010001 (base 2) to base 5.
142334
19164 (base 11) to base 16
68bb
Convert -2706 (base 13) to base 6.
-41503
What is 668 (base 9) in base 11?
459
Convert 4711 (base 10) to base 13.
21b5
What is -414130 (base 5) in base 16?
-3561
Convert -324d (base 15) to base 10.
-10648
What is 4955 (base 13) in base 2?
10100010001011
Convert 92 (base 15) to base 3.
12002
-2619 (base 10) to base 16
-a3b
-10518 (base 9) to base 3
-100120122
What is 28628 (base 11) in base 15?
c0c6
2518 (base 10) to base 12
155a
What is -f9 (base 16) in base 7?
-504
Convert 40 (base 12) to base 13.
39
-349 (base 12) to base 6
-2133
10110011011 (base 2) to base 5
21220
What is 212543 (base 6) in base 16?
444f
What is -145aa (base 12) in base 11?
-1a458
12 (base 8) to base 9
11
What is 16064 (base 9) in base 7?
44023
-12707 (base 8) to base 10
-5575
-10010101001110 (base 2) to base 7
-36562
Convert 120210 (base 4) to base 6.
11140
Convert 101111110000 (base 2) to base 8.
5760
What is -1418 (base 11) in base 2?
-11100101010
1225 (base 7) to base 4
13030
Convert 13034 (base 13) to base 14.
cb7d
Convert -1213132 (base 4) to base 16.
-19de
What is -5e68 (base 16) in base 12?
-11ba0
What is -874 (base 11) in base 15?
-49e
8834 (base 9) to base 4
1211233
What is -3051 (base 7) in base 6?
-4533
What is -33500 (base 7) in base 14?
-3137
8767 (base 9) to base 6
45524
-238e (base 16) to base 6
-110050
Convert -121003 (base 4) to base 12.
-b17
-88623 (base 9) to base 16
-e5cb
What is -254 (base 9) in base 13?
-133
Convert 2d9 (base 15) to base 11.
545
Convert -161b (base 13) to base 16.
-ca3
What is -110100111000111 (base 2) in base 6?
-325211
-101111011 (base 2) to base 12
-277
Convert -14336 (base 7) to base 5.
-111242
Convert -5197 (base 10) to base 12.
-3011
What is 97f (base 16) in base 5?
34211
Convert 299 (base 15) to base 16.
252
Convert -1900 (base 10) to base 11.
-1478
What is -31543 (base 7) in base 11?
-5971
1815 (base 16) to base 2
1100000010101
b30 (base 12) to base 13
978
What is -210022002 (base 3) in base 13?
-70b5
What is 5553 (base 13) in base 10?
11898
What is -32231 (base 4) in base 14?
-4b3
Convert -3042200 (base 5) to base 13.
-197c2
1c29 (base 15) to base 16
17e2
-3112 (base 10) to base 11
-237a
126033 (base 7) to base 15
7046
Convert -1010011000100 (base 2) to base 6.
-40340
What is -233 (base 9) in base 16?
-c0
-e6 (base 15) to base 12
-160
Convert -408 (base 10) to base 9.
-503
What is 3211 (base 10) in base 8?
6213
111504 (base 7) to base 4
10311120
122110121 (base 3) to base 11
9626
-15011 (base 12) to base 9
-44274
What is -1c91 (base 13) in base 15?
-1448
Convert 8b (base 14) to base 7.
234
What is -236 (base 9) in base 3?
-21020
What is -2505 (base 10) in base 11?
-1978
What is -4163 (base 11) in base 9?
-7506
Convert -1e40 (base 15) to base 10.
-6585
What is -7665 (base 10) in base 5?
-221130
412 (base 13) to base 15
311
What is -19 (base 13) in base 6?
-34
-1740 (base 9) to base 16
-534
-133226 (base 7) to base 15
-76c2
-24b9 (base 13) to base 9
-7142
Convert -5441 (base 6) to base 8.
-2341
2002101 (base 3) to base 5
22042
Convert 10011000001101 (base 2) to base 6.
113033
Convert -16f6 (base 16) to base 11.
-4464
1572 (base 9) to base 13
713
Convert -81aa (base 13) to base 14.
-6737
-6806 (base 10) to base 3
-100100002
4953 (base 15) to base 12
9043
Wh